j(x).
5
Let w = -10178 - -10169. Let u(n) = 3*n**3 + 6*n**2 - 9*n - 2. Let r(i) = -10*i**3 - 17*i**2 + 27*i + 6. Let f(y) = 2*r(y) + 7*u(y). What is f(w)?
-2
Let g(t) = 3335226*t**3 - 3335227*t**3 + 2*t + 7*t - t**2. Determine g(-3).
-9
Let y(x) = -3 + 3*x**2 + 2*x - x**3 - 5 + 3*x**2. Let h = 1509 - 1503. Give y(h).
4
Suppose 3*n = n - 64. Let r(v) = -v**2 + 19*v - 22. Let x be r(15). Let y = n + x. Let u(p) = -p**2 + 9*p - 9. Give u(y).
9
Let f(w) be the third derivative of -w**5/60 + 5*w**4/24 + 5*w**3/6 + w**2. Suppose -i - 23 = -2*l, -214*l + 213*l + 17 = -i. Give f(l).
-1
Let f = 15 + -12. Let q(x) = -2*x + 1 - 8*x - f*x + 2*x. Suppose -21*p = 8*p - 58. Determine q(p).
-21
Let h(m) be the second derivative of -m**3/6 - 4*m**2 - m. Let l = 275 + -164. Let d = 106 - l. What is h(d)?
-3
Let v(b) = -6*b - 5. Let o(h) = -25*h - 21. Let k(q) be the first derivative of -q**2/2 - 4*q + 21. Let i be k(-2). Let n(j) = i*o(j) + 9*v(j). What is n(-4)?
13
Let a(t) = t**3 - 3*t**2 - 13*t + 8. Let w(d) = -d**2 - 73*d + 4836. Let i be w(42). Give a(i).
38
Let q(t) = -t**3 - 13*t**2 - 29*t + 13. Let j be q(-10). Let p(m) = -259*m**2 - 3*m**3 - 261*m**2 + 2 + 2*m**3 + 522*m**2. Give p(j).
-7
Let n(s) = 9 + 17*s**2 - s - 20 + 11. Let k = 85 + -81. Let j be 3 - (-13)/(-4) - (-5)/k. Determine n(j).
16
Let h(k) = -22*k - 752. Suppose 98*q + 9112 = -71*q - 99*q. Calculate h(q).
-4
Suppose 3*z - 17 = -8. Let t(c) = 9 + z - c - 9. Let d = 1 + -1. Calculate t(d).
3
Let c(a) = -5*a + 5. Suppose 0 = 2*d + 4*r - 52, -4*d + 16 = -r - 115. Suppose -2*x + 14 = 4*f + 36, -d = 4*x + 5*f. Let k be 9/(x/1) - 14/7. What is c(k)?
30
Let t(a) be the first derivative of -58 - 7/2*a**2 + 2*a - 4/3*a**3 + 1/4*a**4. Suppose -3*g - g + 20 = 0. Determine t(g).
-8
Let c(q) = 2*q**2 - 3*q + 6. Let v(s) = 27*s + 419. Let z be v(-15). Suppose 200 = -z*j + 54*j. Calculate c(j).
41
Suppose 235*i - 20*i = 0. Let z(x) = x**3 - 2*x**2 + x - 14. What is z(i)?
-14
Let t = 20 + -16. Suppose 56 = 4*d - 4*v, -d + 3*d - 28 = t*v. Suppose -2*z + 6 = d, 2*b + 2*z + 8 = 0. Let f(n) = -n**2 - 1. Calculate f(b).
-1
Let b(w) be the first derivative of w**4/4 + 2*w**3/3 - 3*w**2/2 - 10*w + 987. Determine b(-3).
-10
Let t(p) be the first derivative of -p + 119 - 5/3*p**3 + 5/2*p**2. Give t(1).
-1
Let w(x) be the third derivative of x**6/120 + x**5/15 - x**4/8 + x**3/6 + 4*x**2. Suppose 2*n = -4*h - 24, -3*h + 4*n + 39 = -8*h. What is w(h)?
19
Let i be 55/(-330) + 10/(-12). Let v(z) be the third derivative of -z**4/24 + 5*z**2. Let p(f) = 2*f + 4. Let r(x) = i*p(x) - v(x). What is r(-6)?
2
Let q(j) = 0*j**2 + 0*j**2 + 16 - 18*j + j**2 + 2*j. Suppose 19*a - 74*a - 4*m + 793 = 0, -2*a + 4*m + 62 = 0. Give q(a).
1
Let l(d) = -22*d**2 + 254*d + 221. Let p(z) = 30*z**2 - 343*z - 295. Let k(a) = 11*l(a) + 8*p(a). Determine k(26).
19
Let s(g) = -g**3 - 4*g**2 - 3*g + 2. Let r be s(-4). Let h be (-4)/r + (-222)/(-42). Suppose w = h*w + w. Let d(v) = -v**2 - v - 6. What is d(w)?
-6
Let n(z) be the third derivative of -z**6/120 - z**5/10 + 3*z**3 - 477*z**2. Give n(-5).
-7
Let m(q) = -q**3 + 9*q**2 - 19*q - 3. Suppose -10*h + 22 = 2. Suppose 3*v + 6 = 3*o - 0*v, -3*v = -h*o + 1. Let s be m(o). Let a(p) = -p**2 - 1. Determine a(s).
-5
Suppose -4 = i - 6. Let x(l) = -i - 2*l**2 + 4*l**2 + 0 - 1. Suppose 100*d = -30*d - 390. Calculate x(d).
15
Let v = -907 - -914. Suppose 2*z = -5*s + 8, 5*z = 5*s - 8 - v. Let m(n) be the first derivative of -3*n**2 + 2*n - 1. Give m(s).
-10
Let n be (8/12)/(39/(-18) + 2). Let d(m) = -2*m**3 - 4*m**2 + 7*m + 8. Let s be d(n). Let y = 44 - s. Let h(k) = -k - 4. Determine h(y).
-4
Let c be (88/(-6))/((-17)/51). Let i(m) = -32 - 11*m + 72 - c. Determine i(-4).
40
Let d = 169 - 162. Let n(k) be the second derivative of 0 - 20*k + 4*k**2 - 1/6*k**3. Determine n(d).
1
Let v(q) = 2 - 4 - 1 - 2*q**2 - 6*q + 1. Let t(g) = -2*g - 132. Let p(r) = -66. Let i(h) = 10*p(h) - 4*t(h). Let l be i(16). Calculate v(l).
-10
Let j(a) = 4*a**3 + 3*a**2 + 4*a - 2. Let l(g) = -9*g**3 - 9*g**2 - 9*g + 6. Let n(u) = 7*j(u) + 3*l(u). Calculate n(4).
-24
Let l(a) = -4*a + 45. Let n be -1 + -5 - (10 - 6*104/24). Calculate l(n).
5
Let n(w) be the first derivative of -w**3/3 - 5*w**2 - 6*w - 15621. Let a be 0 - (0/(-2) - -9). Determine n(a).
3
Let n(t) be the second derivative of 3*t**5/4 + t**4/4 + 5*t**3/6 + 2*t**2 - 362*t + 3. Give n(-1).
-13
Let r(a) = 18*a + 113. Let p be 22/(-3) + (-149)/(-447). Give r(p).
-13
Let x(y) = 12 - 15 - 4 + 2*y. Suppose -51 - 133 = 4*c. Let a = c + 54. What is x(a)?
9
Let i(r) = -r**2 - 2*r + 3. Let j = -46 - -25. Let h = j - 15. Let v be (-5)/(-25) - h/20. Determine i(v).
-5
Let j(r) = 3*r**2 - 712*r + 9*r**3 + 717*r - 3*r**3 + 0*r**3 - 11 - 7*r**3. Calculate j(5).
-36
Suppose -4*l - 2 = -2*l. Let t(r) = -1 + 59363*r**2 - 4*r + 59378*r**2 + 3*r - 15*r**3 - 118742*r**2. Give t(l).
14
Let n(g) = -g**3 + 6*g**2 + g - 7. Suppose -5*l + 110 = 5*t, 4*t - 52 = -2*l - 0*t. Suppose 12*i - 6*i = l. Let v = 3 + i. What is n(v)?
-1
Let m(f) = -20*f + 2. Let s = -11682 - -11684. Calculate m(s).
-38
Let n(z) = z**2 + 102*z - 765. Let s be n(7). Let w(b) = 5 - b**3 - 4 + 0*b - b - b**2. Give w(s).
7
Let a(y) be the third derivative of y**4/12 - y**3/3 + 23*y**2. Let i be a(2). Suppose 1 = -3*p - i. Let f(t) = 10*t**3 - t**2 + 1. Determine f(p).
-10
Suppose -13033*z = -13098*z - 455. Let n(d) = -d**3 - 6*d**2 - 2*d - 10. What is n(z)?
53
Suppose 3*p + 5*z - 40 = 0, 7*p - 2*z - 155 = -7. Let v(g) = p + 0*g + 12*g + g - 15 + 19 + g**2. Determine v(-10).
-6
Let l be -3 + 5 + -3 + 4. Let y(u) = -1 + u + 9*u**2 - 6*u**2 - 39*u**3 + 38*u**3. Let d(b) = b. Let n(k) = 2*d(k) + y(k). Calculate n(l).
8
Let g(o) = o**2 + 14*o - 34. Let h(l) = 2*l - 4. Let u be h(-7). Let z be g(u). Let n = 42 - z. Let y(r) = -r**3 + 3*r**2 + 4*r - 6. Determine y(n).
-6
Let q(k) = k + 8. Let f = 36 + -19. Let d be 4/(f + -1) - 39/(-4). Suppose -7*c - d = 32. What is q(c)?
2
Let w(v) be the third derivative of v**6/120 + v**5/30 - 7*v**4/24 + 5*v**3/6 + 1470*v**2. Give w(1).
1
Let q(m) = 6*m**2 + 45*m + 7. Let g(l) = 7*l**2 + 48*l + 6. Let i(p) = 4*g(p) - 5*q(p). Give i(-17).
-28
Let r(y) = -y - 8. Let d be r(-5). Let h be (3 + d)/(1*-1). Let b be -2 + h + (-2)/6*0. Let p(j) = 2*j + 2. Determine p(b).
-2
Let b(k) = -2*k + 8. Let d(x) = x**3 + 5*x**2 + 4*x + 2. Let g be d(-4). Let o be 19/4*g*-2. Let c = -13 - o. Give b(c).
-4
Let d(f) = 2 + 50*f + 0 + 2 + 12 - 57*f. Give d(2).
2
Let w be (-4)/2*(-46)/92. Let h(f) = -9*f**2 + 5*f - 3. Give h(w).
-7
Suppose 2*x + 302 = 4*s, 14*x - 297 = 16*x + s. Let b = 154 + x. Let d(q) = -2*q + 16. Determine d(b).
6
Let w(m) = -3*m**2 + 14*m - 8. Let z(c) = 16*c - 127. Let s be z(8). Let n(d) = d**2 - 4*d + 1. Let k(b) = s*w(b) + 4*n(b). Calculate k(4).
4
Suppose -5*a - o = -3 - 8, -4*o + 12 = 4*a. Let i be 111/74*(2 + a). Let d(q) = 2*q - 11. Give d(i).
1
Let j = -16 - -70. Suppose 3 = j*u - 51*u. Let z be 0 + (-2 - (0 + u)). Let l(t) = t**3 + 2*t**2 - t + 4. Determine l(z).
-2
Let a(g) = -24*g + 88. Let n be a(0). Let z(t) = -n*t - 91*t + 178*t + 4. Determine z(0).
4
Let x(d) = d**2 - 6*d - 2. Let r = -12 - -13. Let u be (3 - 5) + 0 + r. Let q be 1/(3 - ((-81)/(-21) + u)). Give x(q).
5
Suppose -42*r - 12766 + 81478 = 0. Let l(q) = -r*q + 16 - q**2 - 7 + 1627*q. Determine l(-10).
-1
Let i(r) be the first derivative of -r**4/4 + 4*r**3/3 + r**2 - 7*r - 2. Let d(v) = -2*v**3 + 8*v**2 + 4*v - 13. Let j(w) = 6*d(w) - 11*i(w). Calculate j(4).
7
Let z(u) = -u**3 + 3*u**2 - u + 16. Let o be 1 - (-16 - (-11 - 2)). What is z(o)?
-4
Let b(j) be the third derivative of j**6/120 + j**5/10 - j**4/4 - 3*j**3/2 - 3*j**2 + 78*j. Calculate b(-6).
27
Let b(t) be the third derivative of t**7/1008 - 13*t**6/180 + 31*t**5/60 - t**4/24 + 301*t**2. Let n(l) be the third derivative of b(l). Calculate n(11).
3
Let o(u) = -u**3 + 22*u**2 + 49*u - 32. Let k be (1 - (-34)/(-4))*(-25984)/8120. Determine o(k).
-8
Let w(y) = 3*y + 13. Let b be 10/(-4)*(1 - (8 + -5)). Suppose b*r + l + 30 = 0, 2*r + 8 - 14 = -4*l. Calculate w(r).
-8
Let j be (-3 - (-2)/(-1))*(-1180)/1475. Let p(f) be the second derivative of 0 + f - 1/3*f**4 + 1/3*f**3 + 0*f**2 + 1/20*f**5. What is p(j)?
8
Let b(m) = -6*m**2 - 116*m + 4. Let a(i) = 6